ermine c(6).
350
Let u(k) = k**3 + 12*k**2 - 9*k - 273. Give u(-11).
-53
Let b(r) = -5*r + 18. What is b(-22)?
128
Let o(z) = -3732*z - 3627. Calculate o(-1).
105
Let u(f) = -f**3 - 13*f**2 + 50*f + 353. Give u(-15).
53
Let c(w) = 2*w**2 + 3347*w - 6707. Determine c(2).
-5
Let r(p) = p**3 + p**2 - 5*p + 1. Give r(-4).
-27
Let c(y) = -2*y**3 - y**2 - 3*y - 19. Determine c(7).
-775
Let x(u) = u**2 + 16*u + 124. Calculate x(0).
124
Let k(l) = 16*l**2 - l - 2. Give k(-3).
145
Let z(p) = -2*p**2 - 102*p - 1277. Determine z(-22).
-1
Let m(p) = -30*p**3 - 164*p**2 - 162*p + 1. Give m(-1).
29
Let t(j) = 4*j**3 - 11*j**2 - 9*j + 7. Give t(3).
-11
Let g(f) = 18*f - 558. Determine g(34).
54
Let k(h) = -103*h - 10087. What is k(-98)?
7
Let m(x) = x**2 + 176*x + 7754. Calculate m(-86).
14
Let n(i) = i**3 + 11*i**2 + 16*i + 48. What is n(-9)?
66
Let r(b) = 7*b - 260. Give r(26).
-78
Let r(l) = -16*l**2 - 189*l + 36. Determine r(-12).
0
Let u(f) = -12*f + 342. Give u(21).
90
Let y(w) = w**3 - 12*w**2 - 92*w + 113. Determine y(17).
-6
Let z(y) = -17*y + 78. What is z(6)?
-24
Let k(m) = -m**3 - 6*m**2 + 7*m - 7. Determine k(-7).
-7
Let o(t) = -5*t**2. What is o(-4)?
-80
Let u(c) = -c**3 + 37*c**2 - 282*c + 6110. Determine u(34).
-10
Let g(y) = y**3 + 16*y**2 + y - 26. Determine g(-16).
-42
Let w(s) = -s**3 - 27*s**2 + 42*s + 16. Calculate w(-29).
480
Let u(z) = -40*z - 522. Determine u(-13).
-2
Let u(i) = 57*i - 102. Determine u(3).
69
Let k(g) = 2*g**2 + 20*g + 34. Give k(-3).
-8
Let b(o) = -535*o + 38513. Calculate b(72).
-7
Let m(t) = -12*t**3 - 2*t**2 + 4*t + 4. Calculate m(-1).
10
Let j(t) = -2*t**3 + 170*t**2 - 3*t + 266. What is j(85)?
11
Let t(v) = 4*v + 89. Determine t(1).
93
Let x(p) = 59*p + 2401. Determine x(-41).
-18
Let n(l) = 2*l**2 - 14*l - 137. Give n(-6).
19
Let z(c) = 28*c + 1411. What is z(-51)?
-17
Let w(l) = 138*l + 289. What is w(-5)?
-401
Let n(g) = g**2 - 101*g - 749. Calculate n(108).
7
Let t(g) = -g**2 + 265*g + 264. Determine t(-1).
-2
Let p(r) = 3*r**2 - 267*r + 432. Calculate p(87).
-90
Let j(r) = 1592*r + 25476. Calculate j(-16).
4
Let m(p) = -126*p + 9934. Determine m(79).
-20
Let q(m) = -25*m**3 + 2*m**2 + 9*m + 18. Determine q(-2).
208
Let s(i) = 16*i**3 - 9*i**2 - 16*i - 8. Calculate s(-1).
-17
Let c(w) = 104*w - 3425. Calculate c(33).
7
Let h(o) = -11*o**2 + 53*o - 139. What is h(3)?
-79
Let h(b) = b**3 - 92*b**2 + 11*b - 1145. What is h(92)?
-133
Let z(r) = 4*r**3 - 56*r**2 + 12*r - 163. Give z(14).
5
Let s(f) = -4*f**2 + 76*f - 110. Give s(18).
-38
Let f(g) = 33*g - 970. Calculate f(29).
-13
Let b(p) = 3*p**3 - p**2 + 4*p - 2. Determine b(2).
26
Let p(o) = 166*o + 830. Give p(-5).
0
Let v(i) = 83*i - 3. Determine v(4).
329
Let w(d) = d**3 - 33*d**2 + 28*d - 905. Give w(33).
19
Let c(n) = -n**3 + 5*n**2 + 2*n - 5. Determine c(7).
-89
Let n(t) = t**3 - 7*t**2 - 10*t + 1. Determine n(-6).
-407
Let w(m) = -2*m**3 + 11*m**2 - 20*m - 7. Determine w(5).
-82
Let a(b) = 14728*b + 10. Calculate a(0).
10
Let o(g) = 2*g**2 - 116*g + 688. Determine o(6).
64
Let j(g) = 483*g + 61360. Calculate j(-127).
19
Let u(g) = 16*g + 969. What is u(-61)?
-7
Let q(o) = -3*o**2 - 207*o + 232. What is q(-70)?
22
Let j(q) = 97*q + 4818. Give j(-49).
65
Let y(w) = -w**3 + 260*w**2 + 264*w - 751. Calculate y(261).
32
Let k(m) = -12*m + 180. Determine k(20).
-60
Let m(u) = -2*u**2 - 84*u - 401. Determine m(-39).
-167
Let l(k) = -21*k**2 - 254*k - 747. Calculate l(-3).
-174
Let s(h) = -h**3 - 6*h**2 + 6*h + 4. Calculate s(-5).
-51
Let s(p) = -p**2 - 57*p + 77. Calculate s(-13).
649
Let h(d) = d**3 + 2*d**2 - 484*d - 27. Calculate h(-23).
-4
Let o(s) = s**3 - 12*s**2 - 18. Determine o(12).
-18
Let n(p) = p**2 + 45*p - 314. Determine n(-51).
-8
Let c(r) = -r**2 + 1007*r + 7. What is c(0)?
7
Let g(k) = -2*k**3 + 24*k**2 - 46*k - 1. What is g(6)?
155
Let o(h) = -2*h**2 + 380*h - 3945. Give o(179).
-7
Let g(v) = -v**2 + 127*v - 3675. Calculate g(44).
-23
Let i(w) = 2*w**3 - 17*w**2 + 11*w - 6. Determine i(7).
-76
Let k(t) = -t**2 + 71*t - 1260. Determine k(37).
-2
Let n(b) = -310*b - 10531. Determine n(-34).
9
Let k(a) = -4*a**2 + 3*a + 2. Determine k(-1).
-5
Let j(m) = -m**3 + 7*m**2 + 5*m + 9. Give j(5).
84
Let d(f) = -4*f**3 + 22*f**2 - 4*f - 22. Calculate d(5).
8
Let u(x) = 55*x + 963. Give u(-18).
-27
Let d(c) = 2*c**3 - 124*c**2 - 123*c - 113. Determine d(63).
76
Let l(u) = -788*u + 785. Determine l(1).
-3
Let y(v) = -14*v**2 - 17*v + 430. Give y(5).
-5
Let a(h) = h**3 + 6*h**2 + 5*h + 5. Determine a(-6).
-25
Let y(r) = 564*r - 29329. Determine y(52).
-1
Let y(s) = -s**2 - 422*s - 2486. Calculate y(-6).
10
Let z(f) = -8*f**2 - 280*f + 47. Give z(-36).
-241
Let d(z) = z**3 - 14*z**2 - 147*z + 2050. Determine d(15).
70
Let l(o) = 278*o + 2004. Determine l(-7).
58
Let a(s) = -s**3 - 11*s**2 + 17*s + 223. Determine a(-10).
-47
Let f(r) = r**3 + 11*r**2 + 14*r + 154. Give f(-11).
0
Let o(q) = 27*q - 413. What is o(13)?
-62
Let k(q) = -q**3 - 22*q**2 + 23*q - 44. Calculate k(-23).
-44
Let u(o) = 3*o**2 + 292*o + 2209. Give u(-89).
-16
Let d(r) = -497*r**2 - 20*r + 21. Give d(1).
-496
Let f(c) = -c**3 - 2*c**2 - 77*c + 673. Determine f(7).
-307
Let u(k) = -38*k - 5411. What is u(-142)?
-15
Let b(n) = -n**3 - 3*n**2 + 19*n + 19. What is b(-6)?
13
Let k(i) = -14*i + 1215. Calculate k(87).
-3
Let z(n) = -n**2 + 75*n - 387. Give z(6).
27
Let m(n) = 116*n - 1036. Calculate m(9).
8
Let d(t) = -t**3 + 2*t**2 - 293*t + 1900. Calculate d(6).
-2
Let j(t) = 99*t**2 + 23*t + 9. Give j(2).
451
Let q(r) = -41*r + 1935. Determine q(47).
8
Let v(m) = 3*m**2 + 174*m + 1761. What is v(-45)?
6
Let n(t) = 7*t**3 + 85*t**2 - 12. Calculate n(-12).
132
Let o(j) = j**3 + 98*j**2 + 881*j + 16. Give o(-10).
6
Let d(a) = 43*a - 369. Give d(-4).
-541
Let l(t) = 12*t**2 + 62*t. Give l(-9).
414
Let s(i) = -48*i - 12. Calculate s(5).
-252
Let y(i) = -92*i + 3485. Calculate y(38).
-11
Let a(k) = -6*k**2 - 127*k + 53. What is a(-21)?
74
Let m(a) = -a**3 - 4*a**2 + 42*a + 274. Calculate m(-7).
127
Let g(n) = n**2 - 4*n - 89. What is g(14)?
51
Let h(g) = 9*g**2 + 153*g + 3. Give h(-13).
-465
Let g(h) = -143*h - 4. Give g(3).
-433
Let v(o) = 22*o**2 - 184*o - 62. Determine v(9).
64
Let x(p) = 414*p - 15. Give x(1).
399
Let q(u) = 3*u**2 + 1278*u - 5164. Calculate q(4).
-4
Let q(j) = -1414*j + 145639. Give q(103).
-3
Let v(q) = -2*q**2 - 1540*q - 45836. Give v(-31).
-18
Let j(q) = -106*q - 15. Give j(-1).
91
Let j(o) = -391*o - 1154. Determine j(-3).
19
Let l(k) = -2*k**3 - 63*k**2 - 98*k - 230. What is l(-30)?
10
Let r(w) = -w**2 - 1009*w + 17435. Give r(17).
-7
Let a(y) = y**3 + 49*y**2 + 4*y + 191. What is a(-49)?
-5
Let g(m) = -m**3 + 11*m**2 - 5*m - 41. Give g(7).
120
Let l(a) = -a**3 + 43*a - 174. Determine l(9).
-516
Let t(m) = -133*m**2 + 8. What is t(1)?
-125
Let n(u) = u**3 - 11*u**2 + 9*u + 84. Determine n(9).
3
Let o(w) = w**3 - 9*w**2 - 52*w + 444. Determine o(6).
24
Let t(z) = z**2 - 6*z - 80654. Calculate t(287).
-7
Let w(r) = 5*r**3 - 724*r**2 - 144*r - 149. What is w(145)?
-4
Let n(c) = -c**3 - 7*c**2 + 3*c - 41. What is n(-7)?
-62
Let h(q) = -2*q**3 - 3*q**2 + 3*q - 6. Calculate h(0).
-6
Let a(j) = 4*j + 13. Give a(29).
129
Let n(r) = -r**3 + 109*r**2 - 321*r + 337. Determine n(106).
19
Let q(j) = j**3 + 9*j**2 - 20*j - 225. What is q(-6)?
3
Let z(i) = -7*i**2 + 232*i + 1423. What is z(-6)?
-221
Let g(f) = f**2 - 36*f + 151. Calculate g(6).
-29
Let j(s) = 5*s**2 + 16*s - 10. Calculate j(6).
266
Let k(p) = -22*p**2 - 4*p - 3. Give k(-1).
-21
Let v(w) = -w**3 + 42*w**2 - 51*w + 431. Determine v(41).
21
Let y(h) = h**2 - 13*h + 33. Determine y(10).
3
Let s(h) = 1581*h - 374701. Determine s(237).
-4
Let x(v) = 884*v + 893. Determine x(-1).
9
Let l(t) = -4*t**2 - 334*t + 7333. Give l(18).
25
Let b(q) = 27*q + 257. Determine b(-9).
14
Let k(b) = 2132*b + 6400. What is k(-3)?
4
Let a(y) = -y**2 + 253*y + 505. What is a(-2)?
-5
Let x(b) = -193*b**2 - 9651*b - 40. Give x(-50).
10
Let q(x) = 276*x - 280. Give q(1).
-4
Let p(w) = 3*w**2 - 414*w - 3522. What is p(146)?
-18
Let i(f) = -245*f - 1025. Give i(-4).
-45
Let f(i) = 3*i**3 - 21*i**2 - 19*i + 6. Determine f(8).
46
Let t(h) = 89*h**2 + 19*h + 22. What is t(-1)?
92
Let h(c) = c**2 - 41*c - 164. Give h(40).
-204
Let p(k) = 37*k**2 